{"id":789,"date":"2015-05-04T15:02:39","date_gmt":"2015-05-04T13:02:39","guid":{"rendered":"http:\/\/www.galerieweisserelefant.de\/?page_id=789"},"modified":"2015-05-20T12:01:55","modified_gmt":"2015-05-20T10:01:55","slug":"16-5-13-6-2015-edgar-guzmanruiz-chiaroscuro","status":"publish","type":"page","link":"https:\/\/archiv.galerieweisserelefant.de\/?page_id=789","title":{"rendered":"16.5. \u2013 13. 6. 2015 Edgar Guzmanruiz &#8211; Chiaroscuro\/Helldunkel"},"content":{"rendered":"<p>16.5. \u2013 13. 6. 2015 <strong>Edgar Guzmanruiz \u2013 <\/strong><em>Chiaroscuro\/Helldunkel<\/em><\/p>\n<p>\u00bbSolange ihr das Licht habt, eilt hin zum Licht, damit euch nicht die Finsternis ergreife.\u00ab<br \/>\nJoh 12,35<\/p>\n<p><a href=\"https:\/\/archiv.galerieweisserelefant.de\/wp-content\/uploads\/2015\/05\/Narzissen1.jpeg\"><img loading=\"lazy\" decoding=\"async\" class=\"alignnone size-medium wp-image-795\" src=\"https:\/\/archiv.galerieweisserelefant.de\/wp-content\/uploads\/2015\/05\/Narzissen1-300x224.jpeg\" alt=\"Narzissen1\" width=\"300\" height=\"224\" srcset=\"https:\/\/archiv.galerieweisserelefant.de\/wp-content\/uploads\/2015\/05\/Narzissen1-300x224.jpeg 300w, https:\/\/archiv.galerieweisserelefant.de\/wp-content\/uploads\/2015\/05\/Narzissen1-1024x765.jpeg 1024w, https:\/\/archiv.galerieweisserelefant.de\/wp-content\/uploads\/2015\/05\/Narzissen1-624x466.jpeg 624w, https:\/\/archiv.galerieweisserelefant.de\/wp-content\/uploads\/2015\/05\/Narzissen1.jpeg 1280w\" sizes=\"auto, (max-width: 300px) 100vw, 300px\" \/><\/a><\/p>\n<p>F\u00fcr diese Ausstellung fotografiert der aus Kolumbien stammende Edgar Guzmanruiz Personen, die nur von einem Computer-Bildschirm beleuchtet werden, ebenso Stilleben im Licht von iPods. Mit ihren Hell-Dunkel-Effekten sind die Bilder von geradezu barocker Farbigkeit und Stimmung. Und auf diese kommt es dem K\u00fcnstler vor allem an, als Kontrast zu den modernen Lichtquellen und deren Funktion als Dauerreferenz einer n\u00e4chsten Generation Ego.<\/p>\n<p>Das Zentrum der Ausstellung bildet ein \u201eTeich\u201c, in dem sich <em>Narziss<\/em> spiegelt und in sein eigenes Bild verliebt. So von Leidenschaft verzehrt, stirbt er und verwandelt sich in die Blume, die seinen Namen tr\u00e4gt. Damit f\u00fchrt Guzmanruiz immerhin eine Tradition fort, die seit der Renaissance von K\u00fcnstlern wie Tintoretto, Caravaggio, Poussin und Olaf Nicolai gepr\u00e4gt wurde.<\/p>\n<p>Letzterem kommt die Arbeit insofern nahe, als man sich selbst im k\u00fcnstlichen Teich spiegeln kann, doch besteht dieser aktualisiert aus Flachbildschirmen. Damit thematisiert er die Erkenntnis ganz direkt, dass wir uns verdoppeln in dem Augenblick, in dem wir uns verlieren. Eine Beobachtung neben dem Fotografieren der Portr\u00e4ts erweist, dass j\u00fcngere Menschen nicht mehr so lange still sitzen k\u00f6nnen, bis ein Bild von ihnen erstellt ist. Obwohl sie sich selbst betrachten, sind sie nur an fl\u00fcchtigen Effekten interessiert.<\/p>\n<p>Dies f\u00fchrt uns \u2013 \u00fcber den Mythos von Narziss hinaus \u2013 zu Aktaion, der auf der Jagd nach Wild der Diana begegnet, badend in einem Weiher, und nackt. Zur Strafe f\u00fcr den Frevel verwandelt diese ihn in einen Hirsch. Und der wird sodann gerissen, ausgerechnet von Aktaions eigenen Hunden. Das Schicksal wendet sich gegen den, der es fordert ohne Konsequenzen zu bedenken. In Giodarno Bruno\u2019s Buch der \u201eHeroischen Leidenschaften\u201c sind die letzten Gedanken des Helden: \u201eSo spanne hoch ich die Gedanken jetzt \/ Zum Ziel. Allein sie wenden sich zur\u00fccke \/ Und rei\u00dfen mich mit scharfem Biss in St\u00fccke\u201c.<\/p>\n<p>Die Hunde des <em>Aktaion<\/em> k\u00f6nnen wir verstehen als die Geister, die man zur Hilfe rief und die doch ins Verderben f\u00fchren: \u201eund ohne Hoffnung kehrt ihr mir zur\u00fcck\u201c. \u2013 Wobei wir oben auch f\u00fcr den \u201escharfen Biss\u201c etwas willk\u00fcrlich \u201eBlick\u201c einsetzen k\u00f6nnten. Denn dies ist das Thema dieser Ausstellung: der Blick, der von sich selbst abgewendet \u00fcberhaupt wieder etwas wie Hoffnung oder zumindest Ausblick er\u00f6ffnen kann. Alle Technik, die unser Leben erleichtern soll, bleibt nur so weit sinnvoll, als sie humanen Zwecken, ja sagen wir es: Idealen dient.<\/p>\n<p>Ralf Bartholom\u00e4us<\/p>\n<p>&nbsp;<\/p>\n<p><a href=\"https:\/\/archiv.galerieweisserelefant.de\/wp-content\/uploads\/2015\/05\/6.Dimitrios.jpeg\"><img loading=\"lazy\" decoding=\"async\" class=\"alignnone size-medium wp-image-792\" src=\"https:\/\/archiv.galerieweisserelefant.de\/wp-content\/uploads\/2015\/05\/6.Dimitrios-300x215.jpeg\" alt=\"6.Dimitrios\" width=\"300\" height=\"215\" srcset=\"https:\/\/archiv.galerieweisserelefant.de\/wp-content\/uploads\/2015\/05\/6.Dimitrios-300x215.jpeg 300w, https:\/\/archiv.galerieweisserelefant.de\/wp-content\/uploads\/2015\/05\/6.Dimitrios-624x448.jpeg 624w, https:\/\/archiv.galerieweisserelefant.de\/wp-content\/uploads\/2015\/05\/6.Dimitrios.jpeg 1010w\" sizes=\"auto, (max-width: 300px) 100vw, 300px\" \/><\/a> <a href=\"https:\/\/archiv.galerieweisserelefant.de\/wp-content\/uploads\/2015\/05\/10.Treffen-mit-Carlos.jpeg\"><img loading=\"lazy\" decoding=\"async\" class=\"alignnone size-medium wp-image-793\" src=\"https:\/\/archiv.galerieweisserelefant.de\/wp-content\/uploads\/2015\/05\/10.Treffen-mit-Carlos-300x207.jpeg\" alt=\"10.Treffen mit Carlos\" width=\"300\" height=\"207\" srcset=\"https:\/\/archiv.galerieweisserelefant.de\/wp-content\/uploads\/2015\/05\/10.Treffen-mit-Carlos-300x207.jpeg 300w, https:\/\/archiv.galerieweisserelefant.de\/wp-content\/uploads\/2015\/05\/10.Treffen-mit-Carlos-624x431.jpeg 624w, https:\/\/archiv.galerieweisserelefant.de\/wp-content\/uploads\/2015\/05\/10.Treffen-mit-Carlos.jpeg 919w\" sizes=\"auto, (max-width: 300px) 100vw, 300px\" \/><\/a> <a href=\"https:\/\/archiv.galerieweisserelefant.de\/wp-content\/uploads\/2015\/05\/3.Ciro_.jpeg\"><img loading=\"lazy\" decoding=\"async\" class=\"alignnone size-medium wp-image-791\" src=\"https:\/\/archiv.galerieweisserelefant.de\/wp-content\/uploads\/2015\/05\/3.Ciro_-300x218.jpeg\" alt=\"3.Ciro\" width=\"300\" height=\"218\" srcset=\"https:\/\/archiv.galerieweisserelefant.de\/wp-content\/uploads\/2015\/05\/3.Ciro_-300x218.jpeg 300w, https:\/\/archiv.galerieweisserelefant.de\/wp-content\/uploads\/2015\/05\/3.Ciro_-1024x745.jpeg 1024w, https:\/\/archiv.galerieweisserelefant.de\/wp-content\/uploads\/2015\/05\/3.Ciro_-624x454.jpeg 624w, https:\/\/archiv.galerieweisserelefant.de\/wp-content\/uploads\/2015\/05\/3.Ciro_.jpeg 1044w\" sizes=\"auto, (max-width: 300px) 100vw, 300px\" \/><\/a> <a href=\"https:\/\/archiv.galerieweisserelefant.de\/wp-content\/uploads\/2015\/05\/1.Miguel.jpeg\"><img loading=\"lazy\" decoding=\"async\" class=\"alignnone size-medium wp-image-790\" src=\"https:\/\/archiv.galerieweisserelefant.de\/wp-content\/uploads\/2015\/05\/1.Miguel-300x207.jpeg\" alt=\"1.Miguel\" width=\"300\" height=\"207\" srcset=\"https:\/\/archiv.galerieweisserelefant.de\/wp-content\/uploads\/2015\/05\/1.Miguel-300x207.jpeg 300w, https:\/\/archiv.galerieweisserelefant.de\/wp-content\/uploads\/2015\/05\/1.Miguel-1024x709.jpeg 1024w, https:\/\/archiv.galerieweisserelefant.de\/wp-content\/uploads\/2015\/05\/1.Miguel-624x432.jpeg 624w, https:\/\/archiv.galerieweisserelefant.de\/wp-content\/uploads\/2015\/05\/1.Miguel.jpeg 1280w\" sizes=\"auto, (max-width: 300px) 100vw, 300px\" \/><\/a><\/p>\n<p>&nbsp;<\/p>\n<p>&nbsp;<\/p>\n<p><a href=\"https:\/\/archiv.galerieweisserelefant.de\/wp-content\/uploads\/2015\/05\/Narzissen.jpeg\">Abbildungen Edgar Guzmanruiz<\/a><\/p>\n","protected":false},"excerpt":{"rendered":"<p>16.5. \u2013 13. 6. 2015 Edgar Guzmanruiz \u2013 Chiaroscuro\/Helldunkel \u00bbSolange ihr das Licht habt, eilt hin zum Licht, damit euch nicht die Finsternis ergreife.\u00ab Joh 12,35 F\u00fcr diese Ausstellung fotografiert der aus Kolumbien stammende Edgar Guzmanruiz Personen, die nur von einem Computer-Bildschirm beleuchtet werden, ebenso Stilleben im Licht von iPods. Mit ihren Hell-Dunkel-Effekten sind die [&hellip;]<\/p>\n","protected":false},"author":3,"featured_media":0,"parent":0,"menu_order":0,"comment_status":"closed","ping_status":"open","template":"","meta":{"footnotes":""},"class_list":["post-789","page","type-page","status-publish","hentry"],"_links":{"self":[{"href":"https:\/\/archiv.galerieweisserelefant.de\/index.php?rest_route=\/wp\/v2\/pages\/789","targetHints":{"allow":["GET"]}}],"collection":[{"href":"https:\/\/archiv.galerieweisserelefant.de\/index.php?rest_route=\/wp\/v2\/pages"}],"about":[{"href":"https:\/\/archiv.galerieweisserelefant.de\/index.php?rest_route=\/wp\/v2\/types\/page"}],"author":[{"embeddable":true,"href":"https:\/\/archiv.galerieweisserelefant.de\/index.php?rest_route=\/wp\/v2\/users\/3"}],"replies":[{"embeddable":true,"href":"https:\/\/archiv.galerieweisserelefant.de\/index.php?rest_route=%2Fwp%2Fv2%2Fcomments&post=789"}],"version-history":[{"count":8,"href":"https:\/\/archiv.galerieweisserelefant.de\/index.php?rest_route=\/wp\/v2\/pages\/789\/revisions"}],"predecessor-version":[{"id":817,"href":"https:\/\/archiv.galerieweisserelefant.de\/index.php?rest_route=\/wp\/v2\/pages\/789\/revisions\/817"}],"wp:attachment":[{"href":"https:\/\/archiv.galerieweisserelefant.de\/index.php?rest_route=%2Fwp%2Fv2%2Fmedia&parent=789"}],"curies":[{"name":"wp","href":"https:\/\/api.w.org\/{rel}","templated":true}]}}